git of 314352597?
5
What is the ten millions digit of 646143099?
4
What is the hundred thousands digit of 385914542?
9
What is the ten millions digit of 982730078?
8
What is the hundred thousands digit of 71535599?
5
What is the ten thousands digit of 17621794?
2
What is the thousands digit of 3553199393?
9
What is the ten millions digit of 2517203902?
1
What is the hundreds digit of 47426498?
4
What is the units digit of 1117949954?
4
What is the thousands digit of 116057915?
7
What is the hundred thousands digit of 25952299?
9
What is the units digit of 324562041?
1
What is the hundreds digit of 2618214753?
7
What is the tens digit of 509396619?
1
What is the hundred millions digit of 219769789?
2
What is the hundreds digit of 77472285?
2
What is the hundreds digit of 3783366451?
4
What is the ten thousands digit of 229555003?
5
What is the ten millions digit of 50249236?
5
What is the thousands digit of 1201581463?
1
What is the hundreds digit of 121073140?
1
What is the hundred millions digit of 196685156?
1
What is the thousands digit of 1498578990?
8
What is the hundred millions digit of 614017616?
6
What is the ten thousands digit of 25180590?
8
What is the tens digit of 14307001?
0
What is the units digit of 2752904073?
3
What is the millions digit of 114456988?
4
What is the thousands digit of 109451456?
1
What is the hundred thousands digit of 61634224?
6
What is the hundred millions digit of 501629229?
5
What is the millions digit of 330353109?
0
What is the thousands digit of 565705447?
5
What is the thousands digit of 611121071?
1
What is the hundreds digit of 4029457?
4
What is the millions digit of 87958079?
7
What is the hundred thousands digit of 301820538?
8
What is the units digit of 53052814?
4
What is the thousands digit of 59130709?
0
What is the ten thousands digit of 498876499?
7
What is the hundreds digit of 964731407?
4
What is the ten thousands digit of 467174937?
7
What is the ten thousands digit of 3312188944?
8
What is the hundreds digit of 91950478?
4
What is the ten millions digit of 19808634?
1
What is the tens digit of 35049737?
3
What is the tens digit of 2845332871?
7
What is the ten millions digit of 580809588?
8
What is the millions digit of 49931889?
9
What is the units digit of 906013794?
4
What is the billions digit of 1524799315?
1
What is the units digit of 2584035432?
2
What is the tens digit of 227184712?
1
What is the hundred thousands digit of 290215703?
2
What is the hundreds digit of 172575357?
3
What is the ten thousands digit of 44111419?
1
What is the millions digit of 7285452?
7
What is the thousands digit of 1121345723?
5
What is the hundred thousands digit of 5772827361?
8
What is the ten thousands digit of 5216830588?
3
What is the ten millions digit of 98955522?
9
What is the millions digit of 10328330?
0
What is the hundred thousands digit of 57511150?
5
What is the ten thousands digit of 844046821?
4
What is the hundred thousands digit of 3990696067?
6
What is the tens digit of 78857992?
9
What is the tens digit of 43418043?
4
What is the units digit of 780366795?
5
What is the thousands digit of 559629654?
9
What is the thousands digit of 147544838?
4
What is the ten millions digit of 50722995?
5
What is the thousands digit of 25099486?
9
What is the hundred thousands digit of 119266080?
2
What is the hundred thousands digit of 10550975?
5
What is the hundred thousands digit of 40409046?
4
What is the millions digit of 23193622?
3
What is the millions digit of 1126763519?
6
What is the hundred thousands digit of 194505144?
5
What is the thousands digit of 328491198?
1
What is the hundred thousands digit of 103340950?
3
What is the tens digit of 275461443?
4
What is the units digit of 3289234089?
9
What is the ten thousands digit of 1229247239?
4
What is the ten thousands digit of 542105877?
0
What is the hundreds digit of 597596085?
0
What is the ten millions digit of 52049098?
5
What is the units digit of 856159566?
6
What is the tens digit of 5660932?
3
What is the units digit of 1676230133?
3
What is the hundred thousands digit of 39611605?
6
What is the thousands digit of 20526425?
6
What is the ten thousands digit of 76529929?
2
What is the units digit of 957422469?
9
What is the tens digit of 21634682?
8
What is the tens digit of 1303838234?
3
What is the millions digit of 837464779?
7
What is the hundred thousands digit of 5018073827?
0
What is the billions digit of 1317107964?
1
What is the hundred millions digit of 220459321?
2
What is the millions digit of 260977615?
0
What is the tens digit of 56546638?
3
What is the hundred thousands digit of 81037216?
0
What is the ten thousands digit of 1007476889?
7
What is the thousands digit of 65710237?
0
What is the millions digit of 136307368?
6
What is the hundred thousands digit of 383462495?
4
What is the hundred millions digit of 1188961234?
1
What is the millions digit of 652648006?
2
What is the ten millions digit of 4116556510?
1
What is the hundred thousands digit of 205258238?
2
What is the hundred thousands digit of 23695087?
6
What is the ten thousands digit of 64181606?
8
What is the thousands digit of 45313139?
3
What is the tens digit of 390552131?
3
What is the units digit of 12546426?
6
What is the units digit of 2174556080?
0
What is the hundred thousands digit of 1498634069?
6
What is the ten millions digit of 2102743556?
0
What is the ten thousands digit of 1129841886?
4
What is the ten thousands digit of 143795736?
9
What is the tens digit of 481511569?
6
What is the ten millions digit of 29151808?
2
What is the ten millions digit of 241246425?
4
What is the ten thousands digit of 169596204?
9
What is the tens digit of 3617321451?
5
What is the ten millions digit of 3960291854?
6
What is the hundreds digit of 119437970?
9
What is the units digit of 370762096?
6
What is the millions digit of 183490001?
3
What is the hundreds digit of 3956301021?
0
What is the thousands digit of 1198397?
8
What is the ten thousands digit of 235697303?
9
What is the hundred millions digit of 1213098215?
2
What is the hundred thousands digit of 51808083?
8
What is the millions digit of 2641404527?
1
What is the hundreds digit of 569023794?
7
What is the hundreds digit of 115887889?
8
What is the tens digit of 104025233?
3
What is the hundred thousands digit of 73214590?
2
What is the millions digit of 326859730?
6
What is the units digit of 659664702?
2
What is the millions digit of 521635854?
1
What is the ten thousands digit of 11184536?
8
What is the ten millions digit of 55129207?
5
What is the units digit of 1710630742?
2
What is the tens digit of 407168508?
0
What is the units digit of 899082420?
0
What is the hundreds digit of 131397587?
5
What is the ten thousands digit of 31637561?
3
What is the units digit of 340222906?
6
What is the units digit of 2262277372?
2
What is the hundred thousands digit of 603162832?
1
What is the tens digit of 577724593?
9
What is the units digit of 549117937?
7
What is the thousands digit of 2939577418?
7
What is the ten thousands digit of 100427603?
2
What is the units digit of 19313725?
5
What is the units digit of 117023511?
1
What is the millions digit of 33432389?
3
What is the thousands digit of 164049233?
9
What is the millions digit of 225783762?
5
What is the tens digit of 280922243?
4
What is the hundreds digit of 46981390?
3
What is the ten millions digit of 54277355?
5
What is the units digit of 4922565903?
3
What is the ten millions digit of 683484889?
8
What is the thousands digit of 13180692?
0
What is the units digit of 1820557980?
0
What is the hundred thousands digit of 1627842083?
8
What is the ten thousands digit of 49588007?
8
What is the units digit of 2741259005?
5
What is the tens digit of 182966456?
5
What is the hundred thousands digit of 7433301?
4
What is the hundred thousands digit of 29990361?
9
What is the millions digit of 732849726?
2
What is the millions digit of 5317651?
5
What is the hundreds digit of 5011840523?
5
What is the ten thousands digit of 53535155?
3
What is the hundred millions digit of 1027719324?
0
What is the units digit of 23791352?
2
What is the billions digit of 3597796846?
3
What is the units digit of 1101138639?
9
What is the tens di